7 is divided by 45791.
585
Calculate the remainder when 1514103 is divided by 412.
3
What is the remainder when 79485 is divided by 19061?
3241
Calculate the remainder when 2224784 is divided by 254.
252
What is the remainder when 28188524 is divided by 1556?
28
What is the remainder when 122734 is divided by 9441?
1
Calculate the remainder when 150338 is divided by 49753.
1079
What is the remainder when 79478837 is divided by 969254?
9
What is the remainder when 25317416 is divided by 7?
5
What is the remainder when 90239066 is divided by 97?
63
Calculate the remainder when 538655 is divided by 1120.
1055
What is the remainder when 63692910 is divided by 28?
22
Calculate the remainder when 327884 is divided by 327622.
262
Calculate the remainder when 510370496 is divided by 75.
71
Calculate the remainder when 3318257 is divided by 323.
78
What is the remainder when 24417970 is divided by 827?
795
Calculate the remainder when 73876 is divided by 8207.
13
Calculate the remainder when 3091203 is divided by 307.
20
Calculate the remainder when 145231 is divided by 1246.
695
What is the remainder when 24803249 is divided by 72?
41
What is the remainder when 22789 is divided by 80?
69
Calculate the remainder when 131068044 is divided by 170884.
16
What is the remainder when 11844432 is divided by 11132?
11116
What is the remainder when 9123585 is divided by 12832?
33
Calculate the remainder when 360638781 is divided by 1584.
1581
Calculate the remainder when 1021127 is divided by 3438.
41
Calculate the remainder when 219122 is divided by 72255.
2357
Calculate the remainder when 17831 is divided by 2057.
1375
What is the remainder when 17465845 is divided by 1850?
1845
Calculate the remainder when 29096 is divided by 4663.
1118
What is the remainder when 1824917 is divided by 303?
251
Calculate the remainder when 302335 is divided by 930.
85
What is the remainder when 715437 is divided by 32514?
129
What is the remainder when 2507371 is divided by 217?
153
Calculate the remainder when 5886 is divided by 145.
86
Calculate the remainder when 92960532 is divided by 27.
18
What is the remainder when 189760 is divided by 94434?
892
Calculate the remainder when 58884 is divided by 5879.
94
What is the remainder when 623045 is divided by 9105?
3905
Calculate the remainder when 322815 is divided by 4896.
4575
Calculate the remainder when 573657 is divided by 283653.
6351
Calculate the remainder when 13811 is divided by 5605.
2601
What is the remainder when 729755572 is divided by 1041?
1039
Calculate the remainder when 346474 is divided by 57684.
370
What is the remainder when 21250127 is divided by 110?
107
What is the remainder when 227791 is divided by 227218?
573
What is the remainder when 49816074 is divided by 24?
18
What is the remainder when 64522 is divided by 1838?
192
Calculate the remainder when 582286 is divided by 116426.
156
Calculate the remainder when 1728254 is divided by 133.
52
Calculate the remainder when 193426 is divided by 63729.
2239
Calculate the remainder when 11487355 is divided by 466.
455
What is the remainder when 363234 is divided by 284?
282
What is the remainder when 32724077 is divided by 629309?
9
Calculate the remainder when 10746579 is divided by 17222.
51
Calculate the remainder when 3455925 is divided by 3405.
3255
Calculate the remainder when 56444 is divided by 14107.
16
Calculate the remainder when 3868465 is divided by 187.
183
Calculate the remainder when 67635747 is divided by 4786.
4781
Calculate the remainder when 24685011 is divided by 1000.
11
Calculate the remainder when 27319564 is divided by 87.
85
Calculate the remainder when 4519079 is divided by 114.
5
What is the remainder when 32713 is divided by 2507?
122
Calculate the remainder when 411535 is divided by 3149.
2165
Calculate the remainder when 53515326 is divided by 1.
0
Calculate the remainder when 1564096 is divided by 45.
31
Calculate the remainder when 958157 is divided by 2555.
32
What is the remainder when 27894352 is divided by 28?
24
What is the remainder when 3112429 is divided by 622080?
2029
What is the remainder when 1852185 is divided by 40262?
133
What is the remainder when 9452589 is divided by 945258?
9
Calculate the remainder when 3795310 is divided by 137.
136
What is the remainder when 149846 is divided by 222?
218
What is the remainder when 1456566 is divided by 2444?
2386
Calculate the remainder when 117592 is divided by 659.
290
Calculate the remainder when 82504305 is divided by 12.
9
Calculate the remainder when 108800 is divided by 597.
146
What is the remainder when 347720 is divided by 29?
10
What is the remainder when 142148 is divided by 3731?
370
Calculate the remainder when 176463 is divided by 6824.
5863
What is the remainder when 305158 is divided by 11292?
274
Calculate the remainder when 833247 is divided by 773.
726
What is the remainder when 2585787 is divided by 1506?
1491
Calculate the remainder when 49726647 is divided by 1344.
1335
Calculate the remainder when 8731631 is divided by 30109.
21
What is the remainder when 3100545 is divided by 24035?
30
What is the remainder when 42956 is divided by 21070?
816
Calculate the remainder when 137280 is divided by 27422.
170
Calculate the remainder when 293535 is divided by 32612.
27
Calculate the remainder when 114256 is divided by 1345.
1276
Calculate the remainder when 513611579 is divided by 94.
91
What is the remainder when 215746 is divided by 5156?
4350
What is the remainder when 428372127 is divided by 3824?
3823
What is the remainder when 10960580 is divided by 6663?
6608
What is the remainder when 500332 is divided by 378?
238
Calculate the remainder when 614055 is divided by 122803.
40
What is the remainder when 5561809 is divided by 86903?
17
Calculate the remainder when 207160 is divided by 414.
160
What is the remainder when 6282 is divided by 213?
105
Calculate the remainder when 6012 is divided by 749.
20
Calculate the remainder when 12953 is divided by 564.
545
What is the remainder when 2628351 is divided by 28?
19
Calculate the remainder when 2747030 is divided by 686752.
22
What is the remainder when 4794725 is divided by 1120?
5
What is the remainder when 72886702 is divided by 1364?
1362
Calculate the remainder when 1457416 is divided by 1105.
1026
What is the remainder when 260381799 is divided by 100?
99
What is the remainder when 373456 is divided by 555?
496
Calculate the remainder when 23580917 is divided by 374300.
17
Calculate the remainder when 5839491 is divided by 222.
3
What is the remainder when 4671725 is divided by 1659?
1640
What is the remainder when 400771 is divided by 2526?
1663
What is the remainder when 5642832 is divided by 47?
12
What is the remainder when 822912 is divided by 31645?
142
What is the remainder when 133802 is divided by 11050?
1202
What is the remainder when 26137 is divided by 1237?
160
What is the remainder when 256650 is divided by 37?
18
What is the remainder when 354841 is divided by 225?
16
Calculate the remainder when 538589 is divided by 7594.
7009
Calculate the remainder when 19001484 is divided by 1344.
12
What is the remainder when 59837645 is divided by 6648625?
20
Calculate the remainder when 464946 is divided by 5535.
6
Calculate the remainder when 342371 is divided by 540.
11
Calculate the remainder when 1822702 is divided by 217.
119
Calculate the remainder when 52802072 is divided by 6310.
6302
What is the remainder when 1047753 is divided by 10905?
873
Calculate the remainder when 29664 is divided by 825.
789
What is the remainder when 2431061 is divided by 2431058?
3
What is the remainder when 5318133 is divided by 263?
10
What is the remainder when 25359803 is divided by 370?
3
Calculate the remainder when 389487 is divided by 2099.
1172
Calculate the remainder when 4580947 is divided by 2290456.
35
Calculate the remainder when 148290 is divided by 8709.
237
Calculate the remainder when 1609431 is divided by 515.
56
Calculate the remainder when 392853 is divided by 196332.
189
What is the remainder when 92215 is divided by 348?
343
Calculate the remainder when 285532 is divided by 16795.
17
What is the remainder when 29681548 is divided by 231887?
12
What is the remainder when 316795 